{"id":127,"date":"2015-03-04T18:10:51","date_gmt":"2015-03-04T18:10:51","guid":{"rendered":"http:\/\/naturheilpraxis-wannweil.de\/?page_id=127"},"modified":"2025-11-01T17:39:23","modified_gmt":"2025-11-01T17:39:23","slug":"klassische-homoeopathie","status":"publish","type":"page","link":"https:\/\/naturheilpraxis-wannweil.de\/?page_id=127","title":{"rendered":"Klassische Hom\u00f6opathie"},"content":{"rendered":"<p><img loading=\"lazy\" decoding=\"async\" class=\" size-medium wp-image-102 alignright\" src=\"https:\/\/naturheilpraxis-wannweil.de\/wp-content\/uploads\/2015\/03\/Shotshop_oax-fst-300x200.jpg\" alt=\"4088-0318\" width=\"300\" height=\"200\" srcset=\"https:\/\/naturheilpraxis-wannweil.de\/wp-content\/uploads\/2015\/03\/Shotshop_oax-fst-300x200.jpg 300w, https:\/\/naturheilpraxis-wannweil.de\/wp-content\/uploads\/2015\/03\/Shotshop_oax-fst.jpg 601w\" sizes=\"auto, (max-width: 300px) 100vw, 300px\" \/>w\u00f6rtlich \u00fcbersetzt: \u201c\u00e4hnliche Krankheit\u201c<\/p>\n<p>Grundsubstanzen hom\u00f6opathischer Heilmittel sind Metalle, Minerale, Pflanzen und pflanzliche sowie tierische Gifte.<br \/>\nNach Ansicht der klassischen Hom\u00f6opathie ist nicht alleine der K\u00f6rper erkrankt, sondern der ganze Mensch, als Einheit von K\u00f6rper, Geist und Seele.<\/p>\n<p>So erf\u00e4hrt der Patient durch die Therapie auf allen drei Ebenen eine Steigerung des Wohlbefindens.<\/p>\n<p>Neben den k\u00f6rperlichen Beschwerden ber\u00fccksichtigt deshalb die klassische Hom\u00f6opahtie ebenso die Lebensgewohnheiten, die Pers\u00f6nlichkeitseigenschaften wie auch die Sorgen, \u00c4ngste und Tr\u00e4ume des Patienten.<\/p>\n<p>Jeder Patient wird als individuelle Pers\u00f6nlichkeit behandelt und bekommt ein Arzneimittel, das auf seinen spezifischen Zustand genau abgestimmt ist.<\/p>\n<p>Wenn beispielsweise drei Patienten an Migr\u00e4ne leiden, so bekommt wahrscheinlich jeder von ihnen ein anderes, f\u00fcr ihn speziell ausgew\u00e4hltes Arzneimittel.\u00a0 Selbst, wenn das allgemeine Krankheitsbild \u00fcbereinstimmt, unterscheidet sich die Krankengeschichte und die pers\u00f6nliche Auspr\u00e4gung der Krankheit bei jedem Patienten.<\/p>\n<p><strong><span style=\"text-decoration: underline;\">&#8222;SIMILIA SIMILIBUS CURENTUR&#8220;<\/span><\/strong><\/p>\n<p>&#8222;\u00c4hnliches m\u00f6ge durch \u00c4hnliches behandelt werden.\u201c<\/p>\n<p>\u201eW\u00e4hle um sanft, schnell, gewi\u00df und dauerhaft zu heilen, in jedem Krankheitsfalle eine Arznei , welche ein \u00e4hnliches Leiden (homoion pathos) f\u00fcr sich erregen kann, als sie heilen soll.\u201c<\/p>\n<p>(Organon, Dr. med. Samuel Hahnemann)<\/p>\n<p>&nbsp;<\/p>\n<p><strong><span style=\"text-decoration: underline;\">Durchf\u00fchrung<\/span><\/strong><\/p>\n<p>Zuerst nehme ich alle ihre Krankheitssymptome in der Anamnese auf, anschlie\u00dfend werden die Symptome in einem speziellen Repertorisationsprogramm analysiert.<\/p>\n<p>Mit Hilfe von verschiedenen Materia Medica`s versuche ich Ihr ganz pers\u00f6nliches Hom\u00f6opathisches Mittel zu ermitteln, um diese dann zum Schlu\u00df\u00a0 mit dem Theodon Testger\u00e4t direkt an Ihnen auszutesten.<\/p>\n","protected":false},"excerpt":{"rendered":"<p>w\u00f6rtlich \u00fcbersetzt: \u201c\u00e4hnliche Krankheit\u201c Grundsubstanzen hom\u00f6opathischer Heilmittel sind Metalle, Minerale, Pflanzen und pflanzliche sowie tierische Gifte. Nach Ansicht der klassischen Hom\u00f6opathie ist nicht alleine der K\u00f6rper erkrankt, sondern der ganze Mensch, als Einheit von K\u00f6rper, Geist und Seele. So erf\u00e4hrt der Patient durch die Therapie auf allen drei Ebenen eine Steigerung des Wohlbefindens. Neben den [&hellip;]<\/p>\n","protected":false},"author":2,"featured_media":0,"parent":48,"menu_order":1,"comment_status":"closed","ping_status":"closed","template":"","meta":{"footnotes":""},"class_list":["post-127","page","type-page","status-publish","hentry"],"_links":{"self":[{"href":"https:\/\/naturheilpraxis-wannweil.de\/index.php?rest_route=\/wp\/v2\/pages\/127","targetHints":{"allow":["GET"]}}],"collection":[{"href":"https:\/\/naturheilpraxis-wannweil.de\/index.php?rest_route=\/wp\/v2\/pages"}],"about":[{"href":"https:\/\/naturheilpraxis-wannweil.de\/index.php?rest_route=\/wp\/v2\/types\/page"}],"author":[{"embeddable":true,"href":"https:\/\/naturheilpraxis-wannweil.de\/index.php?rest_route=\/wp\/v2\/users\/2"}],"replies":[{"embeddable":true,"href":"https:\/\/naturheilpraxis-wannweil.de\/index.php?rest_route=%2Fwp%2Fv2%2Fcomments&post=127"}],"version-history":[{"count":3,"href":"https:\/\/naturheilpraxis-wannweil.de\/index.php?rest_route=\/wp\/v2\/pages\/127\/revisions"}],"predecessor-version":[{"id":150,"href":"https:\/\/naturheilpraxis-wannweil.de\/index.php?rest_route=\/wp\/v2\/pages\/127\/revisions\/150"}],"up":[{"embeddable":true,"href":"https:\/\/naturheilpraxis-wannweil.de\/index.php?rest_route=\/wp\/v2\/pages\/48"}],"wp:attachment":[{"href":"https:\/\/naturheilpraxis-wannweil.de\/index.php?rest_route=%2Fwp%2Fv2%2Fmedia&parent=127"}],"curies":[{"name":"wp","href":"https:\/\/api.w.org\/{rel}","templated":true}]}}