{"id":89,"date":"2015-03-02T21:31:27","date_gmt":"2015-03-02T21:31:27","guid":{"rendered":"http:\/\/test.naturheilpraxis-wannweil.de\/?page_id=89"},"modified":"2015-03-04T19:34:45","modified_gmt":"2015-03-04T19:34:45","slug":"kursuebersicht","status":"publish","type":"page","link":"https:\/\/naturheilpraxis-wannweil.de\/?page_id=89","title":{"rendered":"Kurs\u00fcbersicht"},"content":{"rendered":"<p><strong>IN DER RUHE LIEGT<\/strong> <strong>DIE KRAFT<\/strong><br \/>\nErfolgreich die innere Kraft aufladen<br \/>\nF\u00fcr Menschen, die innere Ruhe finden, Kraft tanken und den Alltag mit Freude erleben m\u00f6chten.<\/p>\n<p><strong>Tao Yoga<\/strong><br \/>\nfortlaufender Kurs<\/p>\n<p><strong>Das Innere L\u00e4cheln<\/strong><br \/>\nAbendkurs<\/p>\n<p><strong>Die 6 Heilenden Laute<\/strong><br \/>\nAbendkurs<\/p>\n<p><strong>Der kleine Energiekreislauf<\/strong><br \/>\nAbendkurs<\/p>\n<p><a href=\"?page_id=34\">Aktuelle Termine auf Anfrage.<\/a><\/p>\n<p><a href=\"https:\/\/naturheilpraxis-wannweil.de\/wp-content\/uploads\/2015\/03\/Flyer_Tao-Yoga-2015.pdf\" target=\"_blank\">Flyer Tao Yoga und Qigong<\/a><\/p>\n","protected":false},"excerpt":{"rendered":"<p>IN DER RUHE LIEGT DIE KRAFT Erfolgreich die innere Kraft aufladen F\u00fcr Menschen, die innere Ruhe finden, Kraft tanken und den Alltag mit Freude erleben m\u00f6chten. Tao Yoga fortlaufender Kurs Das Innere L\u00e4cheln Abendkurs Die 6 Heilenden Laute Abendkurs Der kleine Energiekreislauf Abendkurs Aktuelle Termine auf Anfrage. Flyer Tao Yoga und Qigong<\/p>\n","protected":false},"author":1,"featured_media":0,"parent":8,"menu_order":1,"comment_status":"closed","ping_status":"closed","template":"","meta":{"footnotes":""},"class_list":["post-89","page","type-page","status-publish","hentry"],"_links":{"self":[{"href":"https:\/\/naturheilpraxis-wannweil.de\/index.php?rest_route=\/wp\/v2\/pages\/89","targetHints":{"allow":["GET"]}}],"collection":[{"href":"https:\/\/naturheilpraxis-wannweil.de\/index.php?rest_route=\/wp\/v2\/pages"}],"about":[{"href":"https:\/\/naturheilpraxis-wannweil.de\/index.php?rest_route=\/wp\/v2\/types\/page"}],"author":[{"embeddable":true,"href":"https:\/\/naturheilpraxis-wannweil.de\/index.php?rest_route=\/wp\/v2\/users\/1"}],"replies":[{"embeddable":true,"href":"https:\/\/naturheilpraxis-wannweil.de\/index.php?rest_route=%2Fwp%2Fv2%2Fcomments&post=89"}],"version-history":[{"count":13,"href":"https:\/\/naturheilpraxis-wannweil.de\/index.php?rest_route=\/wp\/v2\/pages\/89\/revisions"}],"predecessor-version":[{"id":163,"href":"https:\/\/naturheilpraxis-wannweil.de\/index.php?rest_route=\/wp\/v2\/pages\/89\/revisions\/163"}],"up":[{"embeddable":true,"href":"https:\/\/naturheilpraxis-wannweil.de\/index.php?rest_route=\/wp\/v2\/pages\/8"}],"wp:attachment":[{"href":"https:\/\/naturheilpraxis-wannweil.de\/index.php?rest_route=%2Fwp%2Fv2%2Fmedia&parent=89"}],"curies":[{"name":"wp","href":"https:\/\/api.w.org\/{rel}","templated":true}]}}